{"id":5,"date":"2024-05-24T18:35:05","date_gmt":"2024-05-24T18:35:05","guid":{"rendered":"https:\/\/me-trockenbau.at\/?page_id=5"},"modified":"2025-04-25T12:57:31","modified_gmt":"2025-04-25T12:57:31","slug":"startseite","status":"publish","type":"page","link":"https:\/\/werkraum3504.at\/","title":{"rendered":"Startseite"},"content":{"rendered":"\n<section id=\"g-mmlinb6\" class=\"wp-block-gutentor-m5 section-g-mmlinb6 gutentor-module gutentor-module-slider\"><div class=\"gutentor-module-slider-row\" data-dots=\"false\" data-dotstablet=\"false\" data-dotsmobile=\"false\" data-nextarrow=\"fas fa-angle-right\" data-prevarrow=\"fas fa-angle-left\" data-arrows=\"false\" data-arrowstablet=\"false\" data-arrowsmobile=\"false\" data-fade=\"true\" data-draggable=\"true\" data-infinite=\"true\" data-autoplay=\"true\" data-pauseonfocus=\"false\" data-pauseonhover=\"false\" data-speed=\"7500\" data-autoplayspeed=\"1000\" data-arrowspositiondesktop=\"gutentor-slick-a-default-desktop\">\n<div id=\"col-g-wop3r78\" class=\"wp-block-gutentor-m5-col col-g-wop3r78 gutentor-slider-item\"><div id=\"section-g-wop3r78\" class=\"section-g-wop3r78 gutentor-col-wrap has-image-bg has-custom-bg\"><div class=\"gutentor-slider-caption\"><div class=\"grid-container\"><\/div><\/div><\/div><\/div>\n\n\n\n<div id=\"col-g-gqg15go\" class=\"wp-block-gutentor-m5-col col-g-gqg15go gutentor-slider-item\"><div id=\"section-g-gqg15go\" class=\"section-g-gqg15go gutentor-col-wrap has-image-bg has-custom-bg\"><div class=\"gutentor-slider-caption\"><div class=\"grid-container\"><\/div><\/div><\/div><\/div>\n\n\n\n<div id=\"col-g-u8je19s\" class=\"wp-block-gutentor-m5-col col-g-u8je19s gutentor-slider-item\"><div id=\"section-g-u8je19s\" class=\"section-g-u8je19s gutentor-col-wrap has-image-bg has-custom-bg\"><div class=\"gutentor-slider-caption\"><div class=\"grid-container\"><\/div><\/div><\/div><\/div>\n\n\n\n<div id=\"col-g-ohjogb2\" class=\"wp-block-gutentor-m5-col col-g-ohjogb2 gutentor-slider-item\"><div id=\"section-g-ohjogb2\" class=\"section-g-ohjogb2 gutentor-col-wrap has-image-bg has-custom-bg\"><div class=\"gutentor-slider-caption\"><div class=\"grid-container\"><\/div><\/div><\/div><\/div>\n<\/div><\/section>\n\n\n\n<section id=\"gmf1db48e\" class=\"wp-block-gutentor-m3 alignfull section-gmf1db48e gutentor-module gutentor-container-cover\"><div class=\"grid-container\">\n<section id=\"gmb97ccaf\" class=\"wp-block-gutentor-m3 section-gmb97ccaf gutentor-module gutentor-container-cover\"><div class=\"grid-container\">\n<div style=\"height:51px\" aria-hidden=\"true\" class=\"wp-block-spacer\"><\/div>\n\n\n\n<h1 class=\"wp-block-heading\">WERKRAUM 3504<\/h1>\n\n\n\n<p>Inmitten der idyllischen Steiner Altstadt, nahe Rathausplatz und Kunstmeile befinden sich das Atelier von Elisabeth Scharler und der Ausstellungsraum f\u00fcr zeitgen\u00f6ssische Kunst.<\/p>\n\n\n\n<p>\u201eIm WERKRAUM 3504 m\u00f6chte ich f\u00fcr zeitgen\u00f6ssische K\u00fcnstler:innen einen Raum bieten, um ihre Werke im Zentrum der Steiner Altstadt pr\u00e4sentieren zu k\u00f6nnen.\u201c<\/p>\n\n\n\n<div style=\"height:43px\" aria-hidden=\"true\" class=\"wp-block-spacer\"><\/div>\n\n\n\n<div style=\"height:63px\" aria-hidden=\"true\" class=\"wp-block-spacer\"><\/div>\n<\/div><\/section>\n<\/div><\/section>\n","protected":false},"excerpt":{"rendered":"","protected":false},"author":1,"featured_media":0,"parent":0,"menu_order":0,"comment_status":"closed","ping_status":"closed","template":"","meta":{"_coblocks_attr":"","_coblocks_dimensions":"","_coblocks_responsive_height":"","_coblocks_accordion_ie_support":"","_uag_custom_page_level_css":"","neve_meta_sidebar":"","neve_meta_container":"full-width","neve_meta_enable_content_width":"","neve_meta_content_width":0,"neve_meta_title_alignment":"","neve_meta_author_avatar":"","neve_post_elements_order":"","neve_meta_disable_header":"","neve_meta_disable_footer":"","neve_meta_disable_title":"on","_themeisle_gutenberg_block_has_review":false,"footnotes":""},"class_list":["post-5","page","type-page","status-publish","hentry"],"uagb_featured_image_src":{"full":false,"thumbnail":false,"medium":false,"medium_large":false,"large":false,"1536x1536":false,"2048x2048":false,"neve-blog":false},"uagb_author_info":{"display_name":"admin","author_link":"https:\/\/werkraum3504.at\/?author=1"},"uagb_comment_info":0,"uagb_excerpt":null,"_links":{"self":[{"href":"https:\/\/werkraum3504.at\/index.php?rest_route=\/wp\/v2\/pages\/5","targetHints":{"allow":["GET"]}}],"collection":[{"href":"https:\/\/werkraum3504.at\/index.php?rest_route=\/wp\/v2\/pages"}],"about":[{"href":"https:\/\/werkraum3504.at\/index.php?rest_route=\/wp\/v2\/types\/page"}],"author":[{"embeddable":true,"href":"https:\/\/werkraum3504.at\/index.php?rest_route=\/wp\/v2\/users\/1"}],"replies":[{"embeddable":true,"href":"https:\/\/werkraum3504.at\/index.php?rest_route=%2Fwp%2Fv2%2Fcomments&post=5"}],"version-history":[{"count":61,"href":"https:\/\/werkraum3504.at\/index.php?rest_route=\/wp\/v2\/pages\/5\/revisions"}],"predecessor-version":[{"id":355,"href":"https:\/\/werkraum3504.at\/index.php?rest_route=\/wp\/v2\/pages\/5\/revisions\/355"}],"wp:attachment":[{"href":"https:\/\/werkraum3504.at\/index.php?rest_route=%2Fwp%2Fv2%2Fmedia&parent=5"}],"curies":[{"name":"wp","href":"https:\/\/api.w.org\/{rel}","templated":true}]}}

<section id="g-mmlinb6" class="wp-block-gutentor-m5 section-g-mmlinb6 gutentor-module gutentor-module-slider"><div class="gutentor-module-slider-row" data-dots="false" data-dotstablet="false" data-dotsmobile="false" data-nextarrow="fas fa-angle-right" data-prevarrow="fas fa-angle-left" data-arrows="false" data-arrowstablet="false" data-arrowsmobile="false" data-fade="true" data-draggable="true" data-infinite="true" data-autoplay="true" data-pauseonfocus="false" data-pauseonhover="false" data-speed="7500" data-autoplayspeed="1000" data-arrowspositiondesktop="gutentor-slick-a-default-desktop">
<div id="col-g-wop3r78" class="wp-block-gutentor-m5-col col-g-wop3r78 gutentor-slider-item"><div id="section-g-wop3r78" class="section-g-wop3r78 gutentor-col-wrap has-image-bg has-custom-bg"><div class="gutentor-slider-caption"><div class="grid-container"></div></div></div></div>



<div id="col-g-gqg15go" class="wp-block-gutentor-m5-col col-g-gqg15go gutentor-slider-item"><div id="section-g-gqg15go" class="section-g-gqg15go gutentor-col-wrap has-image-bg has-custom-bg"><div class="gutentor-slider-caption"><div class="grid-container"></div></div></div></div>



<div id="col-g-u8je19s" class="wp-block-gutentor-m5-col col-g-u8je19s gutentor-slider-item"><div id="section-g-u8je19s" class="section-g-u8je19s gutentor-col-wrap has-image-bg has-custom-bg"><div class="gutentor-slider-caption"><div class="grid-container"></div></div></div></div>



<div id="col-g-ohjogb2" class="wp-block-gutentor-m5-col col-g-ohjogb2 gutentor-slider-item"><div id="section-g-ohjogb2" class="section-g-ohjogb2 gutentor-col-wrap has-image-bg has-custom-bg"><div class="gutentor-slider-caption"><div class="grid-container"></div></div></div></div>
</div></section>



<section id="gmf1db48e" class="wp-block-gutentor-m3 alignfull section-gmf1db48e gutentor-module gutentor-container-cover"><div class="grid-container">
<section id="gmb97ccaf" class="wp-block-gutentor-m3 section-gmb97ccaf gutentor-module gutentor-container-cover"><div class="grid-container">
<div style="height:51px" aria-hidden="true" class="wp-block-spacer"></div>



<h1 class="wp-block-heading">WERKRAUM 3504</h1>



<p>Inmitten der idyllischen Steiner Altstadt, nahe Rathausplatz und Kunstmeile befinden sich das Atelier von Elisabeth Scharler und der Ausstellungsraum für zeitgenössische Kunst.</p>



<p>„Im WERKRAUM 3504 möchte ich für zeitgenössische Künstler:innen einen Raum bieten, um ihre Werke im Zentrum der Steiner Altstadt präsentieren zu können.“</p>



<div style="height:43px" aria-hidden="true" class="wp-block-spacer"></div>



<div style="height:63px" aria-hidden="true" class="wp-block-spacer"></div>
</div></section>
</div></section>
